{"id":6,"date":"2020-08-25T15:11:31","date_gmt":"2020-08-25T13:11:31","guid":{"rendered":"https:\/\/zuechtertag.laboklin.com\/?page_id=6"},"modified":"2026-03-19T11:18:44","modified_gmt":"2026-03-19T10:18:44","slug":"das-neue-museum-oeffnet-seine-tueren-2","status":"publish","type":"page","link":"https:\/\/zuechter.laboklin.com\/katze\/","title":{"rendered":"Startseite"},"content":{"rendered":"<div class=\"wpb-content-wrapper\"><p>[vc_row flex_height=&#8221;yes&#8221; middle_content=&#8221;yes&#8221; tablet_portrait_equal_columns=&#8221;inherit&#8221; desktop_visibility=&#8221;hide&#8221; tablet_visibility=&#8221;hide&#8221; tablet_sm_visibility=&#8221;hide&#8221; mobile_visibility=&#8221;hide&#8221;][vc_column width=&#8221;1\/2&#8243;]<div class=\"eut-element eut-align-center eut-animated-item eut-fadeInLeft\" data-delay=\"100\"><a class=\"eut-btn eut-btn-extralarge eut-extra-round eut-bg-primary-1 eut-btn-line\" href=\"#hauptprogramm\" target=\"_self\" style=\"\"><span>Hier gelangen Sie zum Hauptprogramm<\/span><\/a><\/div>[\/vc_column][vc_column width=&#8221;1\/2&#8243;]<div class=\"eut-element eut-align-center eut-animated-item eut-fadeInRight\" data-delay=\"100\"><a class=\"eut-btn eut-btn-extralarge eut-extra-round eut-bg-primary-1 eut-btn-line\" href=\"#seminare\" target=\"_self\" style=\"\"><span>Hier gelangen Sie zu den Seminaren<\/span><\/a><\/div>[\/vc_column][\/vc_row][vc_row][vc_column][vc_column_text css=&#8221;&#8221; text_style=&#8221;leader-text&#8221;]<\/p>\n<h2 style=\"text-align: center;\"><span style=\"text-decoration: underline;\"><strong>Hauptprogramm<\/strong><\/span><\/h2>\n<p>[\/vc_column_text][vc_column_text css=&#8221;&#8221;]<div data-post-id=\"5443\" class=\"insert-page insert-page-5443 \"><style type=\"text\/css\" data-type=\"vc_shortcodes-custom-css\">.vc_custom_1598441873523{margin-top: 20px !important;padding-top: 10px !important;padding-bottom: 20px !important;background-color: #eaeaea !important;}.vc_custom_1642684235891{margin-top: 10px !important;margin-bottom: 10px !important;padding-top: 10px !important;padding-bottom: 10px !important;background-color: #e7e7e7 !important;}.vc_custom_1642690651484{margin-top: 10px !important;padding-top: 10px !important;padding-bottom: 10px !important;background-color: #eaeaea !important;}.vc_custom_1675937589881{margin-top: 10px !important;padding-top: 10px !important;padding-bottom: 10px !important;background-color: #b6d6a2 !important;}.vc_custom_1598441895690{margin-top: 10px !important;padding-top: 10px !important;padding-bottom: 10px !important;background-color: #eaeaea !important;}.vc_custom_1598441895690{margin-top: 10px !important;padding-top: 10px !important;padding-bottom: 10px !important;background-color: #eaeaea !important;}.vc_custom_1675937603677{margin-top: 10px !important;padding-top: 10px !important;padding-bottom: 10px !important;background-color: #b6d6a2 !important;}.vc_custom_1642690651484{margin-top: 10px !important;padding-top: 10px !important;padding-bottom: 10px !important;background-color: #eaeaea !important;}.vc_custom_1598441895690{margin-top: 10px !important;padding-top: 10px !important;padding-bottom: 10px !important;background-color: #eaeaea !important;}.vc_custom_1706715839912{margin-top: 10px !important;padding-top: 10px !important;padding-bottom: 10px !important;background-color: #eaeaea !important;}.vc_custom_1773657942201{padding-top: 10px !important;}.vc_custom_1706784441588{padding-top: 10px !important;}.vc_custom_1773657921633{padding-top: 10px !important;}.vc_custom_1773657983727{padding-top: 10px !important;}.vc_custom_1773658129050{padding-top: 10px !important;}.vc_custom_1773658014869{padding-top: 10px !important;}.vc_custom_1773658329796{padding-top: 10px !important;}.vc_custom_1773658235390{padding-top: 10px !important;}.vc_custom_1773658027050{padding-top: 10px !important;}.vc_custom_1773658395204{padding-top: 10px !important;}.vc_custom_1773658063354{padding-top: 10px !important;}.vc_custom_1773658526037{padding-top: 10px !important;}.vc_custom_1773658080250{padding-top: 10px !important;}.vc_custom_1773658089018{margin-bottom: 10px !important;padding-top: 10px !important;padding-bottom: 10px !important;}<\/style><div class=\"wpb-content-wrapper\"><p>[vc_row][vc_column width=&#8221;5\/6&#8243;][vc_column_text css=&#8221;&#8221;]<\/p>\n<h3><strong>Wir freuen uns Ihnen hier das hei\u00dfersehnte Programm vorstellen zu d\u00fcrfen!<\/strong><\/h3>\n<p>[\/vc_column_text][vc_row_inner css=&#8221;.vc_custom_1598441873523{margin-top: 20px !important;padding-top: 10px !important;padding-bottom: 20px !important;background-color: #eaeaea !important;}&#8221;][vc_column_inner width=&#8221;1\/4&#8243;][vc_column_text css=&#8221;.vc_custom_1773657942201{padding-top: 10px !important;}&#8221;]<\/p>\n<h5 style=\"text-align: left;\">08 : 30 &#8211; 08 : 35 Uhr<\/h5>\n<p>[\/vc_column_text][\/vc_column_inner][vc_column_inner width=&#8221;3\/4&#8243;][vc_column_text css=&#8221;.vc_custom_1706784441588{padding-top: 10px !important;}&#8221;]<strong>Begr\u00fc\u00dfung<\/strong>[\/vc_column_text][\/vc_column_inner][\/vc_row_inner][vc_row_inner css=&#8221;.vc_custom_1642684235891{margin-top: 10px !important;margin-bottom: 10px !important;padding-top: 10px !important;padding-bottom: 10px !important;background-color: #e7e7e7 !important;}&#8221;][vc_column_inner width=&#8221;1\/4&#8243;][vc_column_text css=&#8221;&#8221;]<\/p>\n<h5>08 : 35 &#8211; 09 : 25 Uhr<\/h5>\n<p>[\/vc_column_text][\/vc_column_inner][vc_column_inner width=&#8221;3\/4&#8243;][vc_column_text css=&#8221;.vc_custom_1773657921633{padding-top: 10px !important;}&#8221;]<strong>Nachhaltige Zuchtplanung \u2013 Erbkrankheiten fr\u00fchzeitig erkennen und vermeiden<\/strong><\/p>\n<h5><span style=\"color: #ff0000;\">M. Sc. Katja Schirl | Laboklin<\/span><\/h5>\n<p>[\/vc_column_text][\/vc_column_inner][\/vc_row_inner][vc_row_inner css=&#8221;.vc_custom_1642690651484{margin-top: 10px !important;padding-top: 10px !important;padding-bottom: 10px !important;background-color: #eaeaea !important;}&#8221;][vc_column_inner width=&#8221;1\/4&#8243;][vc_column_text css=&#8221;.vc_custom_1773657983727{padding-top: 10px !important;}&#8221;]<\/p>\n<h5>09 : 25 &#8211; 10 : 00 Uhr<\/h5>\n<p>[\/vc_column_text][\/vc_column_inner][vc_column_inner width=&#8221;3\/4&#8243;][vc_column_text css=&#8221;.vc_custom_1773658129050{padding-top: 10px !important;}&#8221;]<strong>Giardien bei der Katze \u2013 Fakten, Fallstricke &amp; Handlungskonzepte<\/strong><\/p>\n<h5><span style=\"color: #e51e1e;\">Dr. Britta Beck | Laboklin<\/span><\/h5>\n<p>[\/vc_column_text][\/vc_column_inner][\/vc_row_inner][vc_row_inner css=&#8221;.vc_custom_1675937589881{margin-top: 10px !important;padding-top: 10px !important;padding-bottom: 10px !important;background-color: #b6d6a2 !important;}&#8221;][vc_column_inner width=&#8221;1\/4&#8243;][vc_column_text css=&#8221;&#8221;]<\/p>\n<h5>10 : 00 &#8211; 10 : 15 Uhr<\/h5>\n<p>[\/vc_column_text][\/vc_column_inner][vc_column_inner width=&#8221;3\/4&#8243;][vc_column_text]<\/p>\n<h5><span style=\"color: #000000;\">PAUSE<\/span><\/h5>\n<p>[\/vc_column_text][\/vc_column_inner][\/vc_row_inner][vc_row_inner css=&#8221;.vc_custom_1598441895690{margin-top: 10px !important;padding-top: 10px !important;padding-bottom: 10px !important;background-color: #eaeaea !important;}&#8221;][vc_column_inner width=&#8221;1\/4&#8243;][vc_column_text css=&#8221;.vc_custom_1773658014869{padding-top: 10px !important;}&#8221;]<\/p>\n<h5>10 : 15 &#8211; 11 : 00 Uhr<\/h5>\n<p>[\/vc_column_text][\/vc_column_inner][vc_column_inner width=&#8221;3\/4&#8243;][vc_column_text css=&#8221;&#8221;]<strong>Chronischer Durchfall und das Mikrobiom<\/strong><\/p>\n<h5><span style=\"color: #ff0000;\">Dr. Anne D\u00f6rries | Vet-Concept<\/span><\/h5>\n<p>[\/vc_column_text][\/vc_column_inner][\/vc_row_inner][vc_row_inner css=&#8221;.vc_custom_1598441895690{margin-top: 10px !important;padding-top: 10px !important;padding-bottom: 10px !important;background-color: #eaeaea !important;}&#8221;][vc_column_inner width=&#8221;1\/4&#8243;][vc_column_text css=&#8221;.vc_custom_1773658329796{padding-top: 10px !important;}&#8221;]<\/p>\n<h5>11 : 00 &#8211; 11 : 45 Uhr<\/h5>\n<p>[\/vc_column_text][\/vc_column_inner][vc_column_inner width=&#8221;3\/4&#8243;][vc_column_text css=&#8221;.vc_custom_1773658235390{padding-top: 10px !important;}&#8221;]<strong>Verdauungsprobleme \u2013 kann es eine Futtermittelallergie sein?<\/strong><\/p>\n<h5><span style=\"color: #ff0000;\">Dr. Angelika Drensler | Laboklin<\/span><\/h5>\n<p>[\/vc_column_text][\/vc_column_inner][\/vc_row_inner][vc_row_inner css=&#8221;.vc_custom_1675937603677{margin-top: 10px !important;padding-top: 10px !important;padding-bottom: 10px !important;background-color: #b6d6a2 !important;}&#8221;][vc_column_inner width=&#8221;1\/4&#8243;][vc_column_text css=&#8221;.vc_custom_1773658027050{padding-top: 10px !important;}&#8221;]<\/p>\n<h5>11 : 45 &#8211; 12: 15 Uhr<\/h5>\n<p>[\/vc_column_text][\/vc_column_inner][vc_column_inner width=&#8221;3\/4&#8243;][vc_column_text]<\/p>\n<h5><span style=\"color: #000000;\">PAUSE<\/span><\/h5>\n<p>[\/vc_column_text][\/vc_column_inner][\/vc_row_inner][vc_row_inner css=&#8221;.vc_custom_1642690651484{margin-top: 10px !important;padding-top: 10px !important;padding-bottom: 10px !important;background-color: #eaeaea !important;}&#8221;][vc_column_inner width=&#8221;1\/4&#8243;][vc_column_text css=&#8221;&#8221;]<\/p>\n<h5>12 : 15 &#8211; 13 : 15 Uhr<\/h5>\n<p>[\/vc_column_text][\/vc_column_inner][vc_column_inner width=&#8221;3\/4&#8243;][vc_column_text css=&#8221;.vc_custom_1773658395204{padding-top: 10px !important;}&#8221;]<strong>Warum der Darm Omega-3 liebt: Die untersch\u00e4tzte Verbindung zwischen Mikrobiom und essenziellen Fetts\u00e4uren<\/strong><\/p>\n<h5><span style=\"color: #ff0000;\">Dr. Janey May | Foten<\/span><\/h5>\n<p>[\/vc_column_text][\/vc_column_inner][\/vc_row_inner][vc_row_inner css=&#8221;.vc_custom_1598441895690{margin-top: 10px !important;padding-top: 10px !important;padding-bottom: 10px !important;background-color: #eaeaea !important;}&#8221;][vc_column_inner width=&#8221;1\/4&#8243;][vc_column_text css=&#8221;.vc_custom_1773658063354{padding-top: 10px !important;}&#8221;]<\/p>\n<h5>13 : 15 &#8211; 14 : 00 Uhr<\/h5>\n<p>[\/vc_column_text][\/vc_column_inner][vc_column_inner width=&#8221;3\/4&#8243;][vc_column_text css=&#8221;.vc_custom_1773658526037{padding-top: 10px !important;}&#8221;]<strong>Probleme durch F\u00fctterung? Warum das WIE manchmal wichtiger ist als das WAS<\/strong><\/p>\n<h5><span style=\"color: #ff0000;\">Dr. Cordula Tassani-Prell | Hofheim<\/span><\/h5>\n<p>[\/vc_column_text][\/vc_column_inner][\/vc_row_inner][vc_row_inner css=&#8221;.vc_custom_1706715839912{margin-top: 10px !important;padding-top: 10px !important;padding-bottom: 10px !important;background-color: #eaeaea !important;}&#8221;][vc_column_inner width=&#8221;1\/4&#8243;][vc_column_text css=&#8221;.vc_custom_1773658080250{padding-top: 10px !important;}&#8221;]<\/p>\n<h5>\u00a014 : 00 Uhr<\/h5>\n<p>[\/vc_column_text][\/vc_column_inner][vc_column_inner width=&#8221;3\/4&#8243;][vc_column_text css=&#8221;.vc_custom_1773658089018{margin-bottom: 10px !important;padding-top: 10px !important;padding-bottom: 10px !important;}&#8221;]<strong>Verabschiedung<\/strong>[\/vc_column_text][\/vc_column_inner][\/vc_row_inner][\/vc_column][vc_column width=&#8221;1\/6&#8243;][\/vc_column][\/vc_row]<\/p>\n<\/div><\/div>[\/vc_column_text][\/vc_column][\/vc_row][vc_row][vc_column][vc_column_text css=&#8221;&#8221; text_style=&#8221;leader-text&#8221;]<\/p>\n<h2 style=\"text-align: center;\"><span style=\"text-decoration: underline;\"><strong>Seminare<\/strong><\/span><\/h2>\n<p>[\/vc_column_text][vc_column_text css=&#8221;&#8221;]<div data-post-id=\"6445\" class=\"insert-page insert-page-6445 \"><div class=\"wpb-content-wrapper\"><p>[vc_row][vc_column][vc_column_text css=&#8221;&#8221;]<\/p>\n<h3><strong><span style=\"color: #e10018;\">SEMINAR 1 <\/span><\/strong><\/h3>\n<h3>Hat meine Katze eine &#8220;Stressblase&#8221;?<\/h3>\n<p><strong>14 : 30 &#8211; 16 : 30 Uhr<\/strong><\/p>\n<p><strong><span style=\"color: #e10018;\">Dr. Cordula Tassani-Prell | Hofheim<\/span><\/strong><\/p>\n<p>_________________________________________________________________________________________________________________<\/p>\n<h3><strong><span style=\"color: #e10018;\">SEMINAR 2<\/span><\/strong><\/h3>\n<h3>Farbgenetik: Nur nachts sind alle Katzen grau \u2013 was steckt genetisch hinter der Farbenvielfalt der Katze?<\/h3>\n<p><strong>14 : 30 &#8211; 16 : 30 Uhr<\/strong><\/p>\n<p><strong><span style=\"color: #e10018;\">Dr. Anna Laukner<\/span><\/strong><\/p>\n<p>_________________________________________________________________________________________________________________<\/p>\n<h3><span style=\"color: #e51e1e;\"><strong>SEMINAR 3<\/strong><\/span><\/h3>\n<h3>Komplikationen rund um Geburt und Neugeborene<\/h3>\n<p><strong>14 : 30 &#8211; 16 : 30 Uhr<\/strong><\/p>\n<p><strong><span style=\"color: #e51e1e;\">Prof. Dr. Sandra Goericke-Pesch | TiHo Hannover<\/span><\/strong>[\/vc_column_text][\/vc_column][\/vc_row]<\/p>\n<\/div><\/div>[\/vc_column_text]<div class=\"eut-element eut-hr \" style=\"\"><div class=\"eut-dashed-line-divider\"><\/div><\/div>[\/vc_column][\/vc_row][vc_row tablet_sm_visibility=&#8221;hide&#8221; padding_top=&#8221;-100&#8243;][vc_column width=&#8221;2\/3&#8243;][vc_column_text css=&#8221;&#8221;]Katzen sind unsere gro\u00dfe Leidenschaft. Ihre auch? Und was man liebt, m\u00f6chte man kennen und begreifen. Deshalb treffen wir uns zum Online-Katzenz\u00fcchtertag und sprechen \u00fcber Themen wie\u00a0Genetik, Durchfallerkrankungen, Geburtskomplikationen\u00a0und vieles mehr.<\/p>\n<p>Gerne veranstalten wir auch ein Web-Seminar zu <strong>Themen rund um Ihre Rasse<\/strong>.<\/p>\n<p><strong><span style=\"color: #ff0000;\">Sie haben Interesse?<\/span><\/strong><\/p>\n<p>Dann\u00a0kontaktieren Sie uns per E-Mail unter <strong><a href=\"mailto:labogen@laboklin.com\"><span style=\"color: #e51e1e;\">labogen@laboklin.com<\/span><\/a><\/strong> oder telefonisch unter <strong>0971\/72025005.<\/strong><br \/>\nWir sind gerne f\u00fcr Sie da und freuen uns auf Sie!<\/p>\n<p>Ihr Labogen-Team[\/vc_column_text][\/vc_column][vc_column width=&#8221;1\/3&#8243;]<div class=\"eut-element eut-box eut-align-center eut-animated-item eut-fadeInLeft\" style=\"\" data-delay=\"100\"><div class=\"eut-media\"><img loading=\"lazy\" decoding=\"async\" width=\"1728\" height=\"1152\" src=\"https:\/\/zuechter.laboklin.com\/katze\/wp-content\/uploads\/sites\/9\/2025\/05\/0712_Katzenzuechtertag_Innenbild-e1749036271309.jpg\" class=\"attachment-full size-full\" alt=\"\" srcset=\"https:\/\/zuechter.laboklin.com\/katze\/wp-content\/uploads\/sites\/9\/2025\/05\/0712_Katzenzuechtertag_Innenbild-e1749036271309.jpg 1728w, https:\/\/zuechter.laboklin.com\/katze\/wp-content\/uploads\/sites\/9\/2025\/05\/0712_Katzenzuechtertag_Innenbild-e1749036271309-300x200.jpg 300w, https:\/\/zuechter.laboklin.com\/katze\/wp-content\/uploads\/sites\/9\/2025\/05\/0712_Katzenzuechtertag_Innenbild-e1749036271309-1024x683.jpg 1024w, https:\/\/zuechter.laboklin.com\/katze\/wp-content\/uploads\/sites\/9\/2025\/05\/0712_Katzenzuechtertag_Innenbild-e1749036271309-768x512.jpg 768w, https:\/\/zuechter.laboklin.com\/katze\/wp-content\/uploads\/sites\/9\/2025\/05\/0712_Katzenzuechtertag_Innenbild-e1749036271309-1536x1024.jpg 1536w\" sizes=\"auto, (max-width: 1728px) 100vw, 1728px\" \/><\/div>  <div class=\"eut-box-content\">    <p><\/p>  <\/div><\/div>[\/vc_column][\/vc_row][vc_row][vc_column css=&#8221;.vc_custom_1773655719100{margin-bottom: -100px !important;border-bottom-width: -100px !important;padding-bottom: -100px !important;}&#8221;]<div class=\"eut-element eut-hr \" style=\"padding-bottom: 50px;\"><div class=\"eut-dashed-line-divider\"><\/div><\/div>[vc_column_text css=&#8221;.vc_custom_1773655702162{margin-bottom: -100px !important;border-bottom-width: -100px !important;padding-bottom: -100px !important;}&#8221;]<\/p>\n<h4 style=\"text-align: center;\">Mit freundlicher Unterst\u00fctzung von:<\/h4>\n<p>[\/vc_column_text][\/vc_column][\/vc_row]<\/p>\n<\/div>","protected":false},"excerpt":{"rendered":"<p>[vc_row flex_height=&#8221;yes&#8221; middle_content=&#8221;yes&#8221; tablet_portrait_equal_columns=&#8221;inherit&#8221; desktop_visibility=&#8221;hide&#8221; tablet_visibility=&#8221;hide&#8221; tablet_sm_visibility=&#8221;hide&#8221; mobile_visibility=&#8221;hide&#8221;][vc_column width=&#8221;1\/2&#8243;][\/vc_column][vc_column width=&#8221;1\/2&#8243;][\/vc_column][\/vc_row][vc_row][vc_column][vc_column_text css=&#8221;&#8221; text_style=&#8221;leader-text&#8221;] Hauptprogramm [\/vc_column_text][vc_column_text css=&#8221;&#8221;][\/vc_column_text][\/vc_column][\/vc_row][vc_row][vc_column][vc_column_text css=&#8221;&#8221; text_style=&#8221;leader-text&#8221;] Seminare [\/vc_column_text][vc_column_text css=&#8221;&#8221;][\/vc_column_text][\/vc_column][\/vc_row][vc_row tablet_sm_visibility=&#8221;hide&#8221; padding_top=&#8221;-100&#8243;][vc_column width=&#8221;2\/3&#8243;][vc_column_text css=&#8221;&#8221;]Katzen sind unsere gro\u00dfe Leidenschaft. Ihre auch? Und was man liebt, m\u00f6chte man kennen und begreifen. Deshalb treffen wir uns zum Online-Katzenz\u00fcchtertag und sprechen \u00fcber Themen wie\u00a0Genetik, Durchfallerkrankungen, Geburtskomplikationen\u00a0und vieles mehr. Gerne [&hellip;]<\/p>\n","protected":false},"author":1,"featured_media":0,"parent":0,"menu_order":0,"comment_status":"closed","ping_status":"closed","template":"","meta":{"footnotes":""},"class_list":["post-6","page","type-page","status-publish","hentry"],"_links":{"self":[{"href":"https:\/\/zuechter.laboklin.com\/katze\/wp-json\/wp\/v2\/pages\/6","targetHints":{"allow":["GET"]}}],"collection":[{"href":"https:\/\/zuechter.laboklin.com\/katze\/wp-json\/wp\/v2\/pages"}],"about":[{"href":"https:\/\/zuechter.laboklin.com\/katze\/wp-json\/wp\/v2\/types\/page"}],"author":[{"embeddable":true,"href":"https:\/\/zuechter.laboklin.com\/katze\/wp-json\/wp\/v2\/users\/1"}],"replies":[{"embeddable":true,"href":"https:\/\/zuechter.laboklin.com\/katze\/wp-json\/wp\/v2\/comments?post=6"}],"version-history":[{"count":93,"href":"https:\/\/zuechter.laboklin.com\/katze\/wp-json\/wp\/v2\/pages\/6\/revisions"}],"predecessor-version":[{"id":7903,"href":"https:\/\/zuechter.laboklin.com\/katze\/wp-json\/wp\/v2\/pages\/6\/revisions\/7903"}],"wp:attachment":[{"href":"https:\/\/zuechter.laboklin.com\/katze\/wp-json\/wp\/v2\/media?parent=6"}],"curies":[{"name":"wp","href":"https:\/\/api.w.org\/{rel}","templated":true}]}}